-35) - 4)?
31
What is the value of -47 + (-2 - (-4 - -3 - (0 - -8)))?
-40
Calculate 12 + (-10 + (13 - 3) - 6) - 8 - -1.
-1
What is the value of 29 + -50 + 2 + 13 + -48?
-54
Calculate -12 + (53 - 41 - -37).
37
What is the value of 7 - 61 - ((13 - 3) + -24 - 8)?
-32
What is 99 - (19 - (58 - 183))?
-45
What is 2 + 28 - (-834 - -838)?
26
What is the value of -13 + 55 + (8 - 0 - 5)?
45
Evaluate 21 - (-13 + 20 - 17).
31
What is the value of -11 - (-101 - (2 - -6) - -2) - 13?
83
What is the value of 17 + -15 + 0 + -9 + (-79 - -220)?
134
Calculate 7 + 21 + -1 + (-2 - 0 - -3).
28
Evaluate 8 - (-185 + 176 + 1 + 3 - -63).
-50
Calculate -33 - (6 + (3 - 0) + 13).
-55
Evaluate 52 + -17 + -21 + -37 - 7.
-30
Calculate (-50 - -1) + (579 - 483).
47
Evaluate 17 + (-17 - (-62 - (5 + -16 - -24))).
75
What is the value of 33 + 39 + -26 - 97?
-51
-66 - (-2 + 2 + -14 + -59 + 66)
-59
What is 6 + -44 + -75 + 50?
-63
What is the value of 3 - (15 + (3 - 4 - 3) - (0 - -8))?
0
Evaluate -14 + (-19 - -5) - -22 - (-9 - -2 - 1).
2
(-46 + 29 - (24 - -7)) + 15
-33
Calculate -3 + -13 + (30 - 13) + (2 + 2 - 33).
-28
53 + 0 + 11 + (34 + -47 - 11)
40
What is the value of (105 + -193 - -38) + 120?
70
Evaluate -73 - (-61 + (49 - 12)).
-49
Evaluate 0 + -5 + (-36 - (-19 - (8 - 38))).
-52
Evaluate 224 - (79 - -46) - 136.
-37
Calculate 22 + 98 + (-34 - -13) + -12 + 2.
89
22 + 29 + 26 - (-7 + 26 - -1)
57
Evaluate -13 + -1 - (-7 + -11 - -2).
2
Evaluate -27 - (-126 - -3 - -84).
12
What is 19 - (-44 + 40 + -3)?
26
Calculate -52 - (-46 + -9 + 18).
-15
What is the value of 94 - ((61 - 50) + 26)?
57
What is the value of -5 - (-34 + 3) - (-199 - -189)?
36
Evaluate (0 - 10 - (3336 + -3321)) + -2.
-27
What is the value of 4 + -1 + 15 + -30 + (-8 - 1) - 2?
-23
-19 + 40 - 23 - (1 + 88)
-91
What is 2 + (-11 - (-18 - 9)) - 5?
13
What is -8 + 4 + (0 - -3) - ((-30 - -22) + -106)?
113
Calculate 1 - -7 - (-10 + -5 + 24 - -4).
-5
What is the value of (-147 + 120 - (-1 - 15) - -18) + -33?
-26
What is the value of 142 + -55 + -48 - ((-2 - -8) + 4)?
29
Evaluate (18 - 0) + 18 + (-29 - -16).
23
96 - ((297 - 39) + -68)
-94
44 + -42 - (5 + (50 - -8))
-61
Calculate 43 - 0 - ((3 - 14) + (-9 - -24)).
39
What is 25 + -26 + -7 + 27 + -46?
-27
What is the value of 18 + (-11 - -17 - 4 - 14) + (14 - -1)?
21
Evaluate 43 + (-28 - -45 - 36).
24
Evaluate 62 + -75 - ((-46 - 5) + 0 + -3).
41
40 + -46 + 11 - -50
55
-21 + -3 + (11 + -24 - -41)
4
-4 - (1 + -52 + -2 + (-10 - (29 + -33)))
55
Evaluate (35 - 11) + 1 + 0 - (-48 - -59).
14
-221 + 248 - (-7 + -32) - 6
60
What is the value of -3 + (9 + 1 - 3) + -17 - (53 + 40)?
-106
Evaluate -21 - (225 - 249 - (-19 - -1)).
-15
Calculate -7 + 0 + (-829 - -806) + -26.
-56
What is the value of 54 + -54 - (10 - (6 + -3))?
-7
Evaluate -79 + 88 + -25 + 52.
36
What is the value of 24 - 29 - (1 + -16) - (-90 - -92)?
8
Calculate -537 + 545 - (-49 + (-5 - (2 - (1 + 1)))).
62
What is the value of -9 + -8 + 24 + 108?
115
What is 26 + -29 + 36 + -24 + (-1 - 14)?
-6
What is -2 - (14 + -13 + -5) - (-2 + 4 - -35)?
-35
Calculate 6 - (14 - (78 + -53) - (1 - -29)).
47
What is 96 + (-4 - 35) - 31?
26
What is the value of -8 - (0 + -1) - (-14 + -16 + 27)?
-4
1 - (((9 - 12) + 7 - -44) + -3)
-44
What is -11 + (-42 - (9 - 105))?
43
4676 + -4753 - (-52 - 1)
-24
19 + 1 + -21 + 105 + -8 + 8
104
What is the value of 12 + (80 - 11) + 4 + (7 - (1 - -7))?
84
Evaluate -84 - ((-140 - -32) + 135).
-111
Evaluate (18 - (-79 - 40)) + -63.
74
Evaluate -73 + 18 + 39 - -70.
54
What is the value of -2 - (-6 - (-14 + (4 - -1))) - 1?
-6
What is (3713 - 3719) + (44 - 0)?
38
-23 + 10 + 14 + (9 - (3 + -92))
99
97 - (-147 + 118 - (-12 - (-6 - -2)))
118
Evaluate -85 - (-2 + 22 + (-11 + 9 - 2) + -13).
-88
What is the value of 35 + (-98 - -33 - 9) - -60?
21
(-69 - (9 - 6) - -7) + (-1 + 13 - 1)
-54
Evaluate -9 - (-77 + -46 + 57).
57
Evaluate (2 - 77) + -11 + (8 - -23).
-55
Evaluate (-5 + 5 - 7) + 9 - (-52 + 15).
39
What is -64 + 33 + -19 + 41?
-9
Evaluate -49 - (-19 + -37) - (-21 - (-1 - -2)).
29
Calculate 3 + -2 - (-63 + 138 + -40).
-34
What is the value of (-49 - -6) + 4 + (7 - 8 - -1)?
-39
Calculate 0 + 134 + 3 + (-20 - -48 - 50).
115
Calculate 578 + -606 - (1 + (5 - 3) + -6 - -8).
-33
Calculate -9 - 2 - (17 - (6 - -34)).
12
-8 + -6 - (9 + -10 - -9 - (-69 - -3))
-88
Evaluate -105 + 82 + -164 + 160.
-27
Evaluate -125 + -7 + 112 + -37.
-57
Evaluate (-32 - (-9 - 0)) + -317 + 399.
59
Evaluate 8 + -4 + (23 - (3 - (7 - 16))).
15
Evaluate (5 - -20 - 12) + -8 + 2 - 51.
-44
Calculate 10 - 4 - (1 + 1 - (-52 - -47)).
-1
7 - (4 - -17 - 11) - 18
-21
-4 - -2 - 56 - 0 - (2057 + -2056)
-59
What is the value of (-3 + -25 - -17) + (-80 - (4 + 10))?
-105
Calculate 116 - ((51 - 53) + (17 - -4) + 3).
94
Calculate (62 + 2 - (862 + -830)) + -4.
28
Evaluate 93 - (18 - 27 - (17 + -40 + 15)).
94
(153 - (-58 + 128)) + -22
61
What is 3 + 5 + 8 + (7 - 28) + 13?
8
What is -279 + 163 - 11 - -239?
112
(-2 + 0 - 31) + 0 - (608 - 611)
-30
Calculate (-19 - 1 - (-3 + 35 + -71)) + 45.
64
Evaluate 6 + -4 + 5 + (-10 - (-32 + 26)).
3
What is -14 + -88 + (-23 + 10 - 6) + (2 - -8)?
-111
Calculate -3 + (46 - (-8 + 34)) - 97.
-80
What is the value of 56 + (58 - (83 + -18))?
49
What is the value of -2 - (219 - 227 - (-4 - -2 - -21))?
25
Calculate -8 - 0 - ((-80 - -104) + -102) - (0 + -8).
78
Evaluate 2 + -5 - (-2191 + 2206).
-18
(-796 - -821) + 1 + -52
-26
What is 24 + (44 - (5 + 56))?
7
-65 + 72 + -5 + 5
7
What is -10 + 9 + -11 + (31 + 17 - -19)?
55
Evaluate 14 + (-35 - ((20 - -2) + -5)).
-38
What is the value of -2 + (20 - (2 - (-6 - -2) - (8 + 1)))?
21
What is 2 + 17 + 0 + -15 + -5 + 4 + 17?
20
Calculate 91 + -9 + 10 - (-209 + 227).
74
Calculate (-2 - -25) + (-75 - -55) + -5.
-2
Evaluate (4 - 43) + 4 - (261 + -282).
-14
What is the value of -8 + (-31 - -184) - 75?
70
What is the value of (23 - -1 - (-6 - (-37 - (-28 + 8)))) + 68?
81
What is -45 - (-30 + (61 - 31))?
-45
What is -3 + (68 + -7 + -9 + 2 - -14)?
65
What is the value of (-69 - (-169 - -62)) + -78?
-40
-99 - 1 - (865 - 923)
-42
What is the value of -70 + 161 + -124 - -12?
-21
What is -18 - (-2 - 4 - -6) - (-3 + 7 + 0)?
-22
What is the value of 2 + (-34 + 65 + -12 - -26)?
47
What is the value of -52 - (-4 + -78) - (2 + -9)?
37
3 - (2 + 20) - (2968 - 2985)
-2
What is the value of 56 + (-26 - 64) - (-6 + -163)?
135
Evaluate -48 - (((4 - 20) + 36 - 18) + 2).
-52
What is the value of -47 + 1 - (-100 + 37 + 73)?
-56
Calculate 17 + (-28 - 4) + 32 - 88.
-71
(5 + 4 - 12) + 6 + -3 + (32 - 10)
22
What is the value of -85 - (17 + -10 + -19 + -10)?
-63
Evaluate (-25 - -91 - (34 - 14)) + 25.
71
What is the value of ((15 - 7) + -8 - (0 - -4)) + (-50 - -57)?
3
Calculate 76 - (21 - 29 - 16 - (-10 + 0)).
90
Calculate -1 + (-67 + 76 - (2 - -4)).
2
Calculate (-44 - -28) + (9 + -16 - -66).
43
What is 63 - ((-30 + 2 - -15) + (20 - 0))?
56
Evaluate (-4 - (-12 + 18)) + 1 + 53 - 2.
42
13 + -32 + -4 + 16 + -1 + 28
20
What is 30 - (-68 + 80 + -64)?
82
5 - (-12 + -44 + 45)
16
What is -92 + -19 + (206 - 93)?
2
Calculate -115 + -35 + -2 + 858 + -775.
-69
What is (-11 - -37) + 7 + -64?
-31
Evaluate 740 + -726 + 3 + (14 - -3).
34
Evaluate (-7 - (-43 + -18)) + -42.
12
What is the value of -14 + (-2 - (3 - 5)) + (-47 + 166 - 16)?
89
What is the value of (15 - 0) + (-14 - (-17 + 39) - -59)?
38
What is (4 - 7) + -11 + 1 + 8 + 40 + -12?
23
4 - (0 + 1 + -28 + 19) - -10
22
Calculate 54 + 20 + (165 - 302).
-63
Evaluate 3 + (-2 - -1) - (62 + (2 - (10 + 5))).
-47
Evaluate -3 + (19 + -3 + 1 - 21).
-7
130 + (-103 - 39) + (1 - 33)
-44
Calculate -41 + 29 + (-89 - -53).
-48
(-28 - 1) + (2148 - 2166)
-47
What is the value of (-34 - 0 - -68 - -15) + -14?
35
What is (1 - 8) + (9 - 28) - (-7 - -4)?
-23
Calculate -207 + 117 - -133 - (-7 - -57).
-7
Evaluate (-15 - (9 + -16)) + (-19 - 0).
-27
-140 - 5 - (2102 + -2225)
-22
Evaluate (546 - 566) + 18 - ((-1 - (-11 - -1)) + -2).
-9
35 - (94 + (2 - (-30 - -51)))
-40
What is the value of 2 + -4 + (-259 - -257 - (-12 + -1) - 16)?
-7
Evaluate 50 - (-6 - (41 - 13) - -43).
41
(88 - ((-23 - 1) + 28 + -19)) + (1 - 16)
88
Calculate (-85 + 3 + -6 - 3) + -11253 + 11244.
-100
Calculate -16 + (11 - 31) + 106 + -30.
40
Evaluate -360 + 44 + 85 - -82.
-149
-34 + (-3 - 1) + (-9 - (-23 + (57 - 27)))
-54
What is (9 + -6 + -11 - -13 - 20)